[INFO] cloning repository https://github.com/ttaubert/rust-md2-collision
[INFO] running `Command { std: "git" "-c" "credential.helper=" "-c" "credential.helper=/workspace/cargo-home/bin/git-credential-null" "clone" "--bare" "https://github.com/ttaubert/rust-md2-collision" "/workspace/cache/git-repos/https%3A%2F%2Fgithub.com%2Fttaubert%2Frust-md2-collision", kill_on_drop: false }`
[INFO] [stderr] Cloning into bare repository '/workspace/cache/git-repos/https%3A%2F%2Fgithub.com%2Fttaubert%2Frust-md2-collision'...
[INFO] running `Command { std: "git" "rev-parse" "HEAD", kill_on_drop: false }`
[INFO] [stdout] 97592077c83421e4d1e269aa7fec5c4dfbd7dae7
[INFO] building ttaubert/rust-md2-collision against master#881c1ac408d93bb7adaa3a51dabab9266e82eee8 for issue-85264
[INFO] running `Command { std: "git" "clone" "/workspace/cache/git-repos/https%3A%2F%2Fgithub.com%2Fttaubert%2Frust-md2-collision" "/workspace/builds/worker-10/source", kill_on_drop: false }`
[INFO] [stderr] Cloning into '/workspace/builds/worker-10/source'...
[INFO] [stderr] done.
[INFO] validating manifest of git repo https://github.com/ttaubert/rust-md2-collision on toolchain 881c1ac408d93bb7adaa3a51dabab9266e82eee8
[INFO] running `Command { std: "/workspace/cargo-home/bin/cargo" "+881c1ac408d93bb7adaa3a51dabab9266e82eee8" "metadata" "--manifest-path" "Cargo.toml" "--no-deps", kill_on_drop: false }`
[INFO] started tweaking git repo https://github.com/ttaubert/rust-md2-collision
[INFO] finished tweaking git repo https://github.com/ttaubert/rust-md2-collision
[INFO] tweaked toml for git repo https://github.com/ttaubert/rust-md2-collision written to /workspace/builds/worker-10/source/Cargo.toml
[INFO] crate git repo https://github.com/ttaubert/rust-md2-collision already has a lockfile, it will not be regenerated
[INFO] running `Command { std: "/workspace/cargo-home/bin/cargo" "+881c1ac408d93bb7adaa3a51dabab9266e82eee8" "fetch" "--manifest-path" "Cargo.toml", kill_on_drop: false }`
[INFO] [stderr]     Updating git repository `https://github.com/ttaubert/rust-md2.git`
[INFO] running `Command { std: "docker" "create" "-v" "/var/lib/crater-agent-workspace/builds/worker-10/target:/opt/rustwide/target:rw,Z" "-v" "/var/lib/crater-agent-workspace/builds/worker-10/source:/opt/rustwide/workdir:ro,Z" "-v" "/var/lib/crater-agent-workspace/cargo-home:/opt/rustwide/cargo-home:ro,Z" "-v" "/var/lib/crater-agent-workspace/rustup-home:/opt/rustwide/rustup-home:ro,Z" "-e" "SOURCE_DIR=/opt/rustwide/workdir" "-e" "CARGO_TARGET_DIR=/opt/rustwide/target" "-e" "CARGO_HOME=/opt/rustwide/cargo-home" "-e" "RUSTUP_HOME=/opt/rustwide/rustup-home" "-w" "/opt/rustwide/workdir" "-m" "1610612736" "--user" "0:0" "--network" "none" "ghcr.io/rust-lang/crates-build-env/linux@sha256:20528e8c29e4536546f0102ce88568b16ea7538393a33fcca951030f7af10457" "/opt/rustwide/cargo-home/bin/cargo" "+881c1ac408d93bb7adaa3a51dabab9266e82eee8" "metadata" "--no-deps" "--format-version=1", kill_on_drop: false }`
[INFO] [stdout] 01e94ce68bb16488e45824a32bf5149b329df4c27c460de41d15818df3f354be
[INFO] [stderr] WARNING: Your kernel does not support swap limit capabilities or the cgroup is not mounted. Memory limited without swap.
[INFO] running `Command { std: "docker" "start" "-a" "01e94ce68bb16488e45824a32bf5149b329df4c27c460de41d15818df3f354be", kill_on_drop: false }`
[INFO] running `Command { std: "docker" "inspect" "01e94ce68bb16488e45824a32bf5149b329df4c27c460de41d15818df3f354be", kill_on_drop: false }`
[INFO] running `Command { std: "docker" "rm" "-f" "01e94ce68bb16488e45824a32bf5149b329df4c27c460de41d15818df3f354be", kill_on_drop: false }`
[INFO] [stdout] 01e94ce68bb16488e45824a32bf5149b329df4c27c460de41d15818df3f354be
[INFO] running `Command { std: "docker" "create" "-v" "/var/lib/crater-agent-workspace/builds/worker-10/target:/opt/rustwide/target:rw,Z" "-v" "/var/lib/crater-agent-workspace/builds/worker-10/source:/opt/rustwide/workdir:ro,Z" "-v" "/var/lib/crater-agent-workspace/cargo-home:/opt/rustwide/cargo-home:ro,Z" "-v" "/var/lib/crater-agent-workspace/rustup-home:/opt/rustwide/rustup-home:ro,Z" "-e" "SOURCE_DIR=/opt/rustwide/workdir" "-e" "CARGO_TARGET_DIR=/opt/rustwide/target" "-e" "CARGO_INCREMENTAL=0" "-e" "RUST_BACKTRACE=full" "-e" "RUSTFLAGS=--cap-lints=forbid" "-e" "CARGO_HOME=/opt/rustwide/cargo-home" "-e" "RUSTUP_HOME=/opt/rustwide/rustup-home" "-w" "/opt/rustwide/workdir" "-m" "1610612736" "--user" "0:0" "--network" "none" "ghcr.io/rust-lang/crates-build-env/linux@sha256:20528e8c29e4536546f0102ce88568b16ea7538393a33fcca951030f7af10457" "/opt/rustwide/cargo-home/bin/cargo" "+881c1ac408d93bb7adaa3a51dabab9266e82eee8" "build" "--frozen" "--message-format=json", kill_on_drop: false }`
[INFO] [stdout] 846a184bfc608d3a834b644eeabadddeffa4d85e8df83eb1a79004da3d9708c8
[INFO] [stderr] WARNING: Your kernel does not support swap limit capabilities or the cgroup is not mounted. Memory limited without swap.
[INFO] running `Command { std: "docker" "start" "-a" "846a184bfc608d3a834b644eeabadddeffa4d85e8df83eb1a79004da3d9708c8", kill_on_drop: false }`
[INFO] [stderr]    Compiling rust-md2 v0.0.1 (https://github.com/ttaubert/rust-md2.git#7b6cf541)
[INFO] [stdout] error: expected expression, found `]`
[INFO] [stdout]    --> /opt/rustwide/cargo-home/git/checkouts/rust-md2-a2367751952d697f/7b6cf54/src/lib.rs:115:27
[INFO] [stdout]     |
[INFO] [stdout] 115 |   let csum = checksum(msg[]);
[INFO] [stdout]     |                           ^ expected expression
[INFO] [stdout] 
[INFO] [stdout] 
[INFO] [stdout] error[E0432]: unresolved import `std::slice::bytes`
[INFO] [stdout]  --> /opt/rustwide/cargo-home/git/checkouts/rust-md2-a2367751952d697f/7b6cf54/src/lib.rs:8:17
[INFO] [stdout]   |
[INFO] [stdout] 8 | use std::slice::bytes::copy_memory;
[INFO] [stdout]   |                 ^^^^^ could not find `bytes` in `slice`
[INFO] [stdout] 
[INFO] [stdout] 
[INFO] [stdout] error[E0412]: cannot find type `uint` in this scope
[INFO] [stdout]   --> /opt/rustwide/cargo-home/git/checkouts/rust-md2-a2367751952d697f/7b6cf54/src/lib.rs:72:41
[INFO] [stdout]    |
[INFO] [stdout] 72 |       *cbyte ^= SBOX[(*mbyte ^ last) as uint];
[INFO] [stdout]    |                                         ^^^^ not found in this scope
[INFO] [stdout] 
[INFO] [stdout] 
[INFO] [stdout] error[E0425]: cannot find function `range` in this scope
[INFO] [stdout]   --> /opt/rustwide/cargo-home/git/checkouts/rust-md2-a2367751952d697f/7b6cf54/src/lib.rs:96:12
[INFO] [stdout]    |
[INFO] [stdout] 96 |   for i in range(0, 18) {
[INFO] [stdout]    |            ^^^^^ not found in this scope
[INFO] [stdout]    |
[INFO] [stdout] help: consider importing this function
[INFO] [stdout]    |
[INFO] [stdout] 7  | use std::slice::range;
[INFO] [stdout]    |
[INFO] [stdout] 
[INFO] [stdout] 
[INFO] [stdout] error[E0412]: cannot find type `uint` in this scope
[INFO] [stdout]   --> /opt/rustwide/cargo-home/git/checkouts/rust-md2-a2367751952d697f/7b6cf54/src/lib.rs:98:26
[INFO] [stdout]    |
[INFO] [stdout] 98 |       *byte ^= SBOX[t as uint];
[INFO] [stdout]    |                          ^^^^ not found in this scope
[INFO] [stdout] 
[INFO] [stdout] 
[INFO] [stdout] error[E0599]: no method named `slice_to_mut` found for array `[u8; 48]` in the current scope
[INFO] [stdout]   --> /opt/rustwide/cargo-home/git/checkouts/rust-md2-a2367751952d697f/7b6cf54/src/lib.rs:86:17
[INFO] [stdout]    |
[INFO] [stdout] 86 |   copy_memory(x.slice_to_mut(16), state);
[INFO] [stdout]    |                 ^^^^^^^^^^^^ help: there is an associated function with a similar name: `align_to_mut`
[INFO] [stdout] 
[INFO] [stdout] 
[INFO] [stdout] error[E0599]: no method named `slice_mut` found for array `[u8; 48]` in the current scope
[INFO] [stdout]   --> /opt/rustwide/cargo-home/git/checkouts/rust-md2-a2367751952d697f/7b6cf54/src/lib.rs:87:17
[INFO] [stdout]    |
[INFO] [stdout] 87 |   copy_memory(x.slice_mut(16, 32), msg);
[INFO] [stdout]    |                 ^^^^^^^^^ help: there is an associated function with a similar name: `split_mut`
[INFO] [stdout] 
[INFO] [stdout] 
[INFO] [stderr] error: could not compile `rust-md2`
[INFO] [stdout] error[E0599]: no method named `push_all` found for struct `Vec<u8>` in the current scope
[INFO] [stdout]    --> /opt/rustwide/cargo-home/git/checkouts/rust-md2-a2367751952d697f/7b6cf54/src/lib.rs:118:7
[INFO] [stdout]     |
[INFO] [stdout] 118 |   msg.push_all(&csum);
[INFO] [stdout]     |       ^^^^^^^^ method not found in `Vec<u8>`
[INFO] [stdout] 
[INFO] [stdout] 
[INFO] [stderr] 
[INFO] [stdout] error: aborting due to 8 previous errors
[INFO] [stdout] 
[INFO] [stdout] 
[INFO] [stderr] To learn more, run the command again with --verbose.
[INFO] [stdout] Some errors have detailed explanations: E0412, E0425, E0432, E0599.
[INFO] [stdout] 
[INFO] [stdout] For more information about an error, try `rustc --explain E0412`.
[INFO] [stdout] 
[INFO] running `Command { std: "docker" "inspect" "846a184bfc608d3a834b644eeabadddeffa4d85e8df83eb1a79004da3d9708c8", kill_on_drop: false }`
[INFO] running `Command { std: "docker" "rm" "-f" "846a184bfc608d3a834b644eeabadddeffa4d85e8df83eb1a79004da3d9708c8", kill_on_drop: false }`
[INFO] [stdout] 846a184bfc608d3a834b644eeabadddeffa4d85e8df83eb1a79004da3d9708c8
